3 - 4*x**2 - x + 1. Give u(c).
-3
Let i(o) = -o**3 - 3*o**2 + 5*o + 3. Suppose 9 = 3*j - 0*j. Suppose -5*n + j*z - 35 = 0, 0 = 2*n - 6*n + 2*z - 26. Determine i(n).
-1
Let d be 8/3 + 2/(-3). Let h(c) = 5*c - 2*c - d*c. Let z(s) = s + 3. Let y be z(-3). Give h(y).
0
Let x(h) = -6*h - 6. Let i(a) = -5*a - 5. Let q(r) = -7*i(r) + 6*x(r). Suppose w + 0 - 3 = 0. Suppose -35 = -5*u + 5*g, 2*g - 5 = -w*u + 1. Give q(u).
-5
Let b(h) = -h**3 + 4. Suppose 2*k = -4*p + 5 - 1, -18 = k - 3*p. Let j = 9 + k. Let d = -3 + j. What is b(d)?
4
Suppose u = 4*x - 4, -2*x + 3 = -1. Let z(t) = -t**3 + 3*t**2 + 4*t + 4. Determine z(u).
4
Let s(z) = -1. Let l(i) = i + 9. Let t(r) = l(r) + 2*s(r). Calculate t(-8).
-1
Let w(l) = -l**2 - 9. Let s(f) = -f**2 - 1. Let x(a) = -2*s(a) + w(a). Suppose -3*i + 6 = i + 3*g, -2 = -4*i - g. Give x(i).
-7
Let l(b) = -b**2 + 7 - 2 - 1 - 7*b. Let g be l(-8). Let u(x) = -3*x - 1. What is u(g)?
11
Let n be (3/(-6))/(-1)*-2. Let m(q) = 5*q**2 - q - 1. Calculate m(n).
5
Let n(f) = -5*f + 3. Let x(p) = -10*p + 6. Let h(v) = -5*n(v) + 2*x(v). Let s = 82 - 80. Calculate h(s).
7
Let x be 16/(-2)*(-3)/(-4). Let u(m) be the second derivative of m**5/20 + 5*m**4/12 - m**3 + 2*m**2 + 28*m. Calculate u(x).
4
Let t(k) be the first derivative of k**2/2 - 2*k - 1. Let p = 2 + 4. What is t(p)?
4
Let w(n) = n**3 + 7*n**2 + 7*n + 7. Let f(r) = -r**3 + 15*r**2 + r - 21. Let m be f(15). Give w(m).
1
Let w(h) be the first derivative of h**3 - h**2/2 + h + 7. Determine w(1).
3
Let g(d) = 7 - 5 + 0*d + d + 2. Calculate g(-5).
-1
Let h(l) be the first derivative of l**4/4 + 4*l**3/3 + l**2 + 3*l + 1. Calculate h(-4).
-5
Let h(y) = y**2 - 3*y. Let a = 6 - 1. Let f be (-4)/(-10) + 33/a. Let l = -4 + f. Give h(l).
0
Let x(v) = 4*v + 6. Let d(r) = -6*r - 11. Let q(b) = -3*d(b) - 5*x(b). Give q(-5).
13
Suppose -2*o - 21 = -3*v, 3*v - 2*o - 16 = v. Let u(s) = 2*s**2 + 6*s - 12*s - s**2 - v. Determine u(6).
-5
Suppose 0 = -6*x + 5*x + 3*l - 8, 3*x + l - 16 = 0. Let t(n) = -n**3 + 2*n**2 + 2*n. Determine t(x).
-24
Let a(l) = l**2 + 8*l - 4. Let k(q) = 4*q. Let j be k(-2). What is a(j)?
-4
Suppose 3*p + 3*a = -0*p, 0 = 5*a. Let k be (-1 + 1)/(p + 2). Let i(b) = 4 - 3 + k + b. What is i(4)?
5
Let j(a) be the first derivative of a**3/3 - 2*a**2 + 3*a + 8. What is j(2)?
-1
Let n be (-4)/3*(-9)/6. Let q(o) = o**3 - 2 + 2*o - n + o**2 + 6 - 3*o. Give q(-2).
0
Let v(n) = -n + 0 + 6 - 3. Give v(-3).
6
Suppose -t - 5*x + 23 - 5 = 0, 9 = 3*x. Let z(q) = -t*q + 2*q - 4 - 4 - 4. What is z(-6)?
-6
Let x(c) be the second derivative of -c**3/6 + c**2 - 7*c. Give x(-3).
5
Let t(l) be the second derivative of l**3 + 1/12*l**4 + 0 - 4*l + 3*l**2. Determine t(-4).
-2
Let u be (7*4/168)/(2/12). Let n(s) = s - 1. Let j be n(3). Let a(h) = 0*h**2 - 4*h**j + 1 + h**2. Calculate a(u).
-2
Let f = 64 + -127/2. Let i(u) be the first derivative of f*u**2 + 1 + 6*u - 1/3*u**3 - 1/4*u**4. Give i(0).
6
Let z(w) = w**2 - 5*w - 10. Let m be z(7). Let r = -1 + m. Let i(n) = 1 + 0 + 0 - 2*n. Determine i(r).
-5
Let i(h) = -h**3 + h**2 - 1. Let k(v) = 5*v**3 - 2*v**2 - 3*v + 5. Suppose 4 = l + 5. Let w(f) = l*k(f) - 6*i(f). Let y be (9/(-6))/(1/(-2)). Determine w(y).
1
Let z be 5*15/50*2. Let f(d) = -d + 3. What is f(z)?
0
Let u(b) = 7*b + 4*b**2 + b**2 - 6*b**2 - 3*b - 3. Calculate u(2).
1
Let q(u) = -u - 1. Let c(y) = -2*y + 9. Let x(l) = -c(l) - 2*q(l). Let v(b) = 4*b - 8. Let r(f) = 4*v(f) - 5*x(f). Let p be 4/((2 + -8)/(-3)). Give r(p).
-5
Suppose 5*n = 2*j - 5 - 6, -4*n - 4*j - 20 = 0. Let w(k) = -k - 2. What is w(n)?
1
Let b(m) be the second derivative of m**7/840 - m**4/24 + m**3/6 - m. Let p(j) be the second derivative of b(j). What is p(-1)?
-2
Let h(p) = -p**3 - 20*p**2 - 18*p + 11. Let y be h(-19). Let w(c) = -c**2 - 6*c + 9. Determine w(y).
-7
Let n(b) = 1 - 57*b + 48*b - b**2 + 0*b**2 - 12. Calculate n(-9).
-11
Let y(h) = -h**2 - 3*h - 2. Suppose -4*n - 3 + 7 = -2*a, -2*a - 4 = 5*n. Let d = n + -2. What is y(d)?
0
Let a(h) = -3*h - 4*h**2 + 0*h**2 - 5*h**2 + 6*h**2. Suppose 0*s - 2 = s. Determine a(s).
-6
Let k(a) = -a**3 + 4*a**2 - 4*a + 4. Let r be k(3). Let l(d) be the second derivative of 7*d**5/20 + d**3/3 - d**2/2 - 2*d. Calculate l(r).
8
Let o(x) = -4*x**2 + 2*x + 1. Suppose -10 = 5*j - 2*z, 5*j + 3*z - 5 + 15 = 0. Let d be -2 + (j - 6/(-2)). Calculate o(d).
-5
Let u(q) = -4*q**2 - q - 2. Suppose -4*s + 6 = -v - 4, -3*v - 5*s = -21. What is u(v)?
-20
Let q be 3/3*2/1. Let y(l) = 6*l**q - 4 - 7*l**2 + 4*l + 2 + 0*l**2. Suppose 5*d + 2*b - 11 = 6*b, 2*d + 3*b - 9 = 0. Give y(d).
1
Let y(a) = -a**3 + a**2 + 1. Let q be (-66)/(-14) - 12/(-42). Let f be q - 4/(4 + -2). Suppose f - 1 = i. Calculate y(i).
-3
Let f(v) = -7*v + 1. Suppose 2 = 2*b + 4. Determine f(b).
8
Let v = 5 - -1. Let l(c) = -13*c**2 + 11*c + 19. Let g(s) = 3*s**2 - 3*s - 5. Let y(o) = 9*g(o) + 2*l(o). What is y(v)?
-1
Let w(s) be the first derivative of -s**4/4 - s**3/3 + s**2 - s - 19. Calculate w(2).
-9
Let y(q) = -q**2 - 4*q + 7. Let j = 8 - 0. Let r(f) be the third derivative of f**6/120 - 3*f**5/20 + 7*f**4/24 + f**3/2 + 2*f**2. Let w be r(j). What is y(w)?
2
Let a(i) = 6*i**2 + i - 1. Let k(l) = -6*l. Let t be k(-5). Let p = -17 + t. Suppose 0 = 4*x + 3*h - p, 0 = 5*x - 0*h - 4*h + 7. Calculate a(x).
6
Suppose 5 = -m + 1. Let o(u) = u**3 + 4*u**2 + u + 2. Calculate o(m).
-2
Let k(i) = -5 + i**3 + 4*i + 1 - 5*i**2 - 2 + 2. Suppose -2 - 2 = -b. Determine k(b).
-4
Let a be ((-1)/1)/(1/8). Let c(l) be the second derivative of -l**4/12 - 7*l**3/6 + 9*l**2/2 - l. Let w be c(a). Let f(z) = 4*z**3 - 2*z + 1. Give f(w).
3
Let d(l) = 2*l**2 + 5*l + 3. Let q(o) = o**3 - 8*o**2 + 6*o + 3. Let f be q(7). What is d(f)?
15
Let k(o) be the first derivative of -3*o**3/2 + o**2/2 - o - 1. Let j(i) be the first derivative of k(i). Give j(-1).
10
Let v be (-99)/(-21) - 12/(-42). Let l(f) be the second derivative of 3/2*f**2 + 0 - 1/20*f**v + 1/6*f**3 + 4*f - 1/3*f**4. What is l(-3)?
-9
Let p(d) = -d**2 - 7*d - 4. Let b = 3 - 7. What is p(b)?
8
Let u(q) = q**2 - 3*q - 2. Let t be (15/(-10))/(3/(-8)). Let m be u(t). Let h(g) = 3 + 4*g - m*g - 4*g. Determine h(6).
-9
Suppose -5 = 4*g + 5*t, 5*t + 6 - 1 = -5*g. Let o(k) = k**3 - k**2 + k - 11. Calculate o(g).
-11
Let i(f) = -1 + 7 + f**2 + 1 - 5 + 4*f. Give i(-3).
-1
Let u(a) be the third derivative of -a**4/24 + a**3/2 - 5*a**2. Suppose -y + 4 + 15 = -3*w, -y - 5*w - 21 = 0. Calculate u(y).
-1
Let u(r) = r**3 - 3*r**2 + 5*r - 5. Let l(m) = 3*m**3 - 10*m**2 + 16*m - 16. Let f(g) = 4*l(g) - 11*u(g). Let y(s) = -4*s + 2. Let p be y(-1). Determine f(p).
9
Let d(f) = -17*f**3 + 21*f**2 - 4. Let m(o) = -4*o**3 + 5*o**2 - 1. Let w(q) = 2*d(q) - 9*m(q). Suppose 3*j - 4 = -3*b + 2, 0 = -2*b - j + 4. Determine w(b).
5
Let d(q) = -q**2 - 5*q + 1. Let r(f) be the first derivative of f**2 + f - 2. Let y be r(-1). Let w be 2/y*10/4. What is d(w)?
1
Let c be 46/14 + (-10)/35. Let r(o) = -2*o + 4*o + 2*o - 7*o. Determine r(c).
-9
Let u(d) = d**3 - 5*d**2 - 8*d + 6. Let q be (6/4)/((-3)/(-8)). Suppose q*b - 2*b = 3*p + 24, -3*b = 5*p + 2. Determine u(b).
-6
Let o = -16 - -10. Let d(g) = -g**3 - 5*g**2 + 6*g + 2. Let s be d(o). Let m(c) = 0*c**3 - c - c + c**3 + 6 + 4*c**s. Calculate m(-5).
-9
Let r(q) = -5 + 4*q - 8 + 5. Calculate r(6).
16
Suppose -2*l - 1 = -2*w + l, 0 = 5*w + 2*l + 26. Let c be (-2)/(-8) + (-3)/w. Let g be (2 - c)/(2/(-10)). Let r(f) = f**2 + 5*f + 5. Give r(g).
5
Let u(z) = -z - 3. Let n(o) = o**2 + 9*o + 14. Let p be n(-7). Suppose g - 2*g - 3 = p. What is u(g)?
0
Let b = -42 - -44. Let x(i) = -i + 0*i - 3 + 4*i - 4*i**2. Give x(b).
-13
Let a(y) = -4*y + 3. Let t(l) = 7*l - 6. Let n(f) = 10*a(f) + 6*t(f). Let k = -2 - -6. Suppose 12 = -2*o + k*o. Give n(o).
6
Let v(f) = -f. Let k be v(-4). Suppose -l = k*l + 20. Let a(c) = -2 - 3 - 1 + 2*c + 2 + c**2. Determine a(l).
4
Let o(x) = -x**3 - 2*x**2. Suppose -15 = 4*t - 9*t. Let v be t/2*24/(-18). Give o(v).
0
Let q(i) = -5*i - 2. Let t(b) = 14*b + 6. Let y(n) = 11*q(n) + 4*t(n). Calculate y(-8).
-6
Let n = 2 + -7. Let t(u) = u**2 + 5*u - 6. Give t(n).
-6
Let l(a) be the third derivative of a**4/24 - 4*a**2. Give l(3).
3
Suppose 2*i - 28 = -0*i. Suppose 3*f + 31 = -i. Let w be f/(-10) + (-2)/4. Let d(p) = -5*p**2 - p. Give d(w).
-